1221 - 122?
2222201022
In base 13, what is -55518 - -6?
-55512
In base 9, what is 67 + 137?
215
In base 16, what is -2 + d27c?
d27a
In base 4, what is 30011 + -122013?
-32002
In base 3, what is 2211021100212 - -11?
2211021101000
In base 10, what is -66748 - -5?
-66743
In base 6, what is -300410303 + 4?
-300410255
In base 3, what is -20012011 - 21?
-20012102
In base 12, what is -1 + 1a760?
1a75b
In base 16, what is -e7 - -52?
-95
In base 7, what is 4 + 55522?
55526
In base 15, what is -8b32 - 4?
-8b36
In base 12, what is 46 - -12b42?
12b88
In base 14, what is -63 + 76d5?
7672
In base 7, what is 54144 + 3?
54150
In base 10, what is 17667 - 0?
17667
In base 12, what is -78 - -805?
749
In base 8, what is 236052 - -7?
236061
In base 16, what is -2 + 85fb?
85f9
In base 2, what is -10110 - 1110101100101000?
-1110101100111110
In base 3, what is -120 + -1100121020?
-1100121210
In base 12, what is -1a + 6a?
50
In base 5, what is -32 - 130213?
-130300
In base 11, what is 41 + 21?
62
In base 10, what is 0 - 10591?
-10591
In base 7, what is -3 - -15663?
15660
In base 4, what is -10300 - -210?
-10030
In base 13, what is -106 + 1559?
1453
In base 4, what is -2 - -320023?
320021
In base 6, what is -35035 + 15?
-35020
In base 12, what is -271 - 10?
-281
In base 2, what is -1110011110010011111 + 1?
-1110011110010011110
In base 2, what is 1010 - 11000010110?
-11000001100
In base 9, what is -1315 + 65?
-1240
In base 3, what is 210111 - -22?
210210
In base 11, what is -4 + -31740?
-31744
In base 14, what is 64 - -76a?
7d0
In base 4, what is -1 + 2122222023?
2122222022
In base 4, what is 111 + 332022?
332133
In base 12, what is 4630 - 9?
4623
In base 4, what is 123211000 - -11?
123211011
In base 16, what is -14ed + 192?
-135b
In base 10, what is -234 + 7932?
7698
In base 15, what is 4 - 1176?
-1172
In base 5, what is 32 - 12313214?
-12313132
In base 8, what is 1 - -1547105?
1547106
In base 8, what is 14 + 54?
70
In base 13, what is 4256 + -10?
4246
In base 14, what is -26 - -6a?
44
In base 9, what is -5 + -43541?
-43546
In base 15, what is 7 - -143b?
1443
In base 14, what is 12a + -2630?
-2504
In base 4, what is 11 + 2312021?
2312032
In base 11, what is 2147194 - -3?
2147197
In base 7, what is -20 + -115244?
-115264
In base 16, what is -7cd95 + 1?
-7cd94
In base 4, what is -10022020 - -11?
-10022003
In base 7, what is -2 - 3506514?
-3506516
In base 16, what is -3 + 5d54?
5d51
In base 15, what is 1 + 2953?
2954
In base 12, what is 1a + 1107?
1125
In base 9, what is -1 + 100850?
100848
In base 14, what is 1696 - -4?
169a
In base 7, what is 3 + -23616?
-23613
In base 4, what is -3112100 + -3?
-3112103
In base 2, what is 100010111000 + 1000?
100011000000
In base 12, what is -5 - -105020?
105017
In base 9, what is 8051 + -28?
8022
In base 15, what is -1567 - 1ac?
-1724
In base 7, what is -236 - -4000?
3431
In base 15, what is 3c241 - -2?
3c243
In base 9, what is 788 + 55?
854
In base 8, what is 42 - 16727?
-16665
In base 3, what is -2 + -1220210101?
-1220210110
In base 15, what is -10 - de?
-ee
In base 12, what is 3 - 21706?
-21703
In base 6, what is 124500512 + 5?
124500521
In base 6, what is -44444012 + -10?
-44444022
In base 9, what is -1 - 1164671?
-1164672
In base 10, what is 11 + -18493?
-18482
In base 3, what is -1011002 - 11212?
-1022221
In base 2, what is -1101000 - -110001011?
100100011
In base 7, what is 5 - 2543016?
-2543011
In base 7, what is 5324 + 32?
5356
In base 11, what is -6 + -aa1?
-aa7
In base 12, what is -11 + -6479?
-648a
In base 8, what is -3 - -7141?
7136
In base 13, what is a + 30564?
30571
In base 7, what is 5 + 345236?
345244
In base 2, what is -11001000110111101 + 101?
-11001000110111000
In base 7, what is -11 - 41264?
-41305
In base 11, what is 5 + -92a49?
-92a44
In base 8, what is -5 - -37455?
37450
In base 8, what is 0 + 26426?
26426
In base 14, what is a + 239c4?
239d0
In base 7, what is 232 - -4433?
4665
In base 15, what is 0 - -158?
158
In base 12, what is 17 + -7ab?
-794
In base 7, what is 430 - 113333?
-112603
In base 2, what is -10 - -10010100111110101110?
10010100111110101100
In base 16, what is d + 114ee?
114fb
In base 10, what is 20 - 6816?
-6796
In base 11, what is 2 + -768a4?
-768a2
In base 12, what is -88870 - 6?
-88876
In base 16, what is 5 - -726a?
726f
In base 7, what is 6036250 + 2?
6036252
In base 12, what is -910a + b?
-90bb
In base 6, what is -15345 + -523?
-20312
In base 9, what is -1271 - -53?
-1217
In base 6, what is 14 + -33140?
-33122
In base 5, what is -340410 + -13?
-340423
In base 4, what is 1300 - -3302?
11202
In base 5, what is 1320 + -3?
1312
In base 8, what is -13 - -4566?
4553
In base 9, what is 857 - -1627?
2585
In base 3, what is 100122 - -20121011?
20221210
In base 4, what is 2 - -10120012?
10120020
In base 13, what is -3138 + -2c?
-3167
In base 8, what is 12302 + 402?
12704
In base 5, what is 14200 - -2214?
21414
In base 8, what is -23 - -16441?
16416
In base 11, what is -23 - -3882?
385a
In base 14, what is 8 + -51d97?
-51d8d
In base 13, what is -5 + -1bb1a3?
-1bb1a8
In base 4, what is -22301310 + 2?
-22301302
In base 15, what is 18 - -268b?
26a4
In base 11, what is -116a + -355?
-1514
In base 12, what is 30 - 23ab7?
-23a87
In base 5, what is -4 - 32404002?
-32404011
In base 11, what is -35 + 730?
6a6
In base 2, what is 1001110110 - -101101001?
1111011111
In base 16, what is d8ed + -c?
d8e1
In base 4, what is 3 + 100310310?
100310313
In base 15, what is 4 + -247e3?
-247de
In base 5, what is -12131414 + 3?
-12131411
In base 9, what is 138 - -243?
382
In base 10, what is -8729 + 0?
-8729
In base 14, what is -57 + -59?
-b2
In base 5, what is -100332231 + -10?
-100332241
In base 11, what is 8a - -1024?
1103
In base 9, what is 74 - -27601?
27675
In base 8, what is -5 + -340517?
-340524
In base 14, what is -ca2b11 + -3?
-ca2b14
In base 16, what is 4 + eeec?
eef0
In base 14, what is 67c - 8a?
5d2
In base 7, what is 1243 + -463?
450
In base 7, what is 10566332 - 2?
10566330
In base 9, what is 5 + 214853?
214858
In base 12, what is a1 - -21b3?
2294
In base 16, what is -12 - -5b1?
59f
In base 3, what is -112 - -111121?
111002
In base 2, what is 110 + 101110001011?
101110010001
In base 15, what is -9ec + e8?
-904
In base 2, what is 1001100101 + -1000011110?
1000111
In base 12, what is -1 + 1b64?
1b63
In base 13, what is -263 + -151?
-3b4
In base 6, what is -5200 - -3505?
-1251
In base 4, what is -1031112233 - 11?
-1031112310
In base 15, what is c61 - 6?
c5a
In base 11, what is 3 - -871?
874
In base 14, what is -1749 - -1a?
-172d
In base 7, what is 1522 + 260?
2112
In base 10, what is -19521 + -8?
-19529
In base 7, what is 10535 + 26?
10564
In base 5, what is -1 + -141040?
-141041
In base 14, what is -5 + a138?
a133
In base 15, what is -1b6bd - -1?
-1b6bc
In base 14, what is b1 - 282?
-1b1
In base 12, what is 472a + 14?
4742
In base 11, what is 4 - 2298a?
-22986
In base 14, what is 1729 + 6b?
1796
In base 6, what is 553525 - 2?
553523
In base 3, what is -1220101 - 202?
-1221010
In base 2, what is -1001011100100010 + 101?
-1001011100011101
In base 13, what is 222 + 1792?
19b4
In base 8, what is -20552 + -25?
-20577
In base 8, what is 10054 - -131?
10205
In base 5, what is 3 - 34003323?
-34003320
In base 13, what is -3 - -62687?
62684
In base 4, what is 301 + 10132303?
10133210
In base 14, what is -d2a0 + 8?
-d296
In base 4, what is -201330011 + -1?
-201330012
In base 8, what is -12 + -23116?
-23130
In base 14, what is 5 - 59d?
-598
In base 4, what is 332 + -100133?
-33201
In base 5, what is -2430 - -1400?
-1030
In base 16, what is -4 + -47243?
-47247
In base 4, what is 10012 - -102?
10120
In base 2, what is -1001101010 - 10100101111?
-11110011001
In base 12, what is -2671 + -3?
-2674
In base 6, what is -33 + -2022204?
-2022241
In base 15, what is -591 - -bb?
-4c5
In base 10, what is 223 + -14230?
-14007
In base 8, what is -3672 - 143?
-4035
In base 15, what is -2 - -1de21?
1de1e
In base 16, what is -3 + c7d?
c7a
In base 16, what is -2 - 322a?
-322c
In base 10, what is 9 + 296070?
296079
In base 2, what is -1000110 - -100011?
-100011
In base 12, what is 112b - a4?
1047
In base 12, what is -357 - -a33?
698
In base 12, what is -9b6443 + -2?
-9b6445
In base 11, what is -1634a + 85?
-16275
In base 14, what is 2a5a2